se 16.
-28bf07
What is c599b3 (base 15) in base 9?
18613806
What is -95215 (base 11) in base 4?
-201312322
Convert -1062 (base 15) to base 11.
-2672
101311405 (base 6) to base 10
1751261
-125252 (base 6) to base 5
-332202
What is -221002420 (base 5) in base 6?
-32234141
Convert 5132714 (base 10) to base 12.
18763a2
Convert -6023056 (base 10) to base 5.
-3020214211
-77236 (base 9) to base 16
-c819
Convert -111000111110111000 (base 2) to base 6.
-5000320
Convert -150340 (base 10) to base 6.
-3120004
-314486 (base 9) to base 4
-231222102
What is -503600 (base 9) in base 13?
-a57aa
What is -1875262 (base 10) in base 13?
-50872c
-101110001000111110011111 (base 2) to base 8
-56107637
What is -431cac (base 14) in base 9?
-4242273
-378dee (base 16) to base 10
-3640814
What is -9339511 (base 10) in base 13?
-1c2004c
Convert -328865 (base 9) to base 14.
-51a1a
-1001111010100000000001 (base 2) to base 7
-31043002
1f425d (base 16) to base 9
3762137
1502045 (base 6) to base 3
11100222002
-34522560 (base 7) to base 4
-23203333323
101122120212211 (base 3) to base 9
11576784
-6467230 (base 8) to base 11
-a83511
4427574 (base 8) to base 7
13062435
What is -11320301 (base 5) in base 7?
-613344
What is 2210200111 (base 3) in base 7?
316600
Convert 1123a (base 14) to base 13.
15c24
What is -443412444 (base 5) in base 3?
-10122022211112
Convert 22321222211 (base 4) to base 11.
1681a92
20201101021 (base 3) to base 5
13212401
What is 204575 (base 8) in base 7?
402102
1021010222000 (base 3) to base 2
10100100000101101111
What is 10342113 (base 5) in base 3?
11120211211
Convert -3218a07 (base 11) to base 10.
-5663291
What is 1568 (base 15) in base 3?
20022022
Convert 46345126 (base 7) to base 2.
1111011111101010110011
-154776 (base 11) to base 10
-240510
Convert 13421214 (base 5) to base 10.
138934
Convert 284ce0 (base 16) to base 4.
22010303200
-620867 (base 10) to base 6
-21150215
What is 31217346 (base 8) in base 9?
13420534
84519 (base 11) to base 3
20020211102
Convert -140101212 (base 5) to base 11.
-442831
What is 26207 (base 8) in base 12?
671b
What is -12712 (base 10) in base 15?
-3b77
-2680256 (base 10) to base 11
-1570797
What is -134ac (base 13) in base 15?
-a9d0
Convert 51001234 (base 6) to base 15.
1d8981
What is -2098a7 (base 11) in base 14?
-8a206
What is 85424 (base 13) in base 10?
240179
What is -2020100011102 (base 3) in base 4?
-10201331030
Convert -2e36b (base 15) to base 13.
-52c3a
22021000100101 (base 3) to base 9
8230311
Convert 1501957 (base 10) to base 3.
2211022022001
What is -3803b (base 12) in base 7?
-434543
Convert 655aa9 (base 11) to base 14.
1d3a51
What is 15701 (base 14) in base 13?
1b481
Convert 1326880 (base 14) to base 5.
4331103414
What is 1904754 (base 10) in base 11?
1091085
6552451 (base 7) to base 11
4a9216
Convert -5507 (base 15) to base 11.
-12590
Convert -22332303302 (base 4) to base 2.
-1010111110110011110010
Convert -3143ec (base 15) to base 4.
-20330003223
What is -171a32 (base 14) in base 15?
-11068e
-563c38 (base 16) to base 11
-3210079
What is 11001241 (base 5) in base 8?
267372
What is 4860246 (base 9) in base 7?
31264110
Convert -3413011121 (base 5) to base 6.
-425434513
-a3a891 (base 11) to base 15
-22e6e1
Convert 10268e (base 15) to base 5.
144030414
What is -11b259 (base 13) in base 8?
-1474761
-33114 (base 13) to base 8
-264454
-1571760 (base 8) to base 3
-212011001110
-1501416 (base 7) to base 2
-110001010111111100
-14110 (base 14) to base 9
-75033
What is -103231032 (base 4) in base 14?
-215b8
What is -12415461 (base 7) in base 11?
-702339
What is -201200102001 (base 3) in base 13?
-10743a
Convert 2022000112112 (base 3) to base 16.
12a082
-1033421424 (base 5) to base 6
-120105032
Convert -1557642 (base 12) to base 14.
-8121a2
-1523811 (base 9) to base 13
-236716
10100110110101100010 (base 2) to base 4
2212311202
What is 111111011010110100000 (base 2) in base 8?
7732640
What is -1eb88c (base 15) in base 5?
-341212212
What is 73759 (base 11) in base 16?
1a37f
Convert -10111000100100010001001 (base 2) to base 3.
-102101021010121
Convert 219e0c (base 15) to base 11.
9a5323
What is 35254352 (base 6) in base 14?
207668
What is -11043010 (base 5) in base 16?
-17976
1a8523 (base 12) to base 14
c37bd
What is -700b61 (base 14) in base 4?
-32113223201
Convert 5602ff (base 16) to base 3.
101121101022201
30312404 (base 5) to base 11
157961
What is 3220022230 (base 4) in base 12?
39a3a4
20020021010 (base 3) to base 16
1df28
Convert 2b9fe3 (base 16) to base 8.
12717743
-d06a2 (base 14) to base 9
-842772
Convert 172675 (base 10) to base 8.
521203
579672 (base 11) to base 7
10552515
22430034 (base 5) to base 2
110001010010100110
Convert -60521234 (base 7) to base 8.
-23141241
Convert 121211022220121 (base 3) to base 16.
8873f2
Convert -11001100001111101110 (base 2) to base 7.
-10053016
What is 211100231230 (base 4) in base 7?
146011342
What is -240302 (base 12) in base 5?
-122043132
-34124153 (base 8) to base 16
-70a86b
Convert -371309 (base 11) to base 12.
-243a93
Convert -175336 (base 14) to base 13.
-22996c
Convert 1534102 (base 9) to base 14.
181772
Convert 1005120 (base 7) to base 6.
2320523
Convert 345253 (base 6) to base 4.
13100001
224714 (base 14) to base 13
31a277
What is 313103010 (base 4) in base 2?
110111010011000100
-11100101011111100 (base 2) to base 8
-345374
-210020212221002 (base 3) to base 4
-223011300323
-100362534 (base 7) to base 16
-58f7b8
13258463 (base 9) to base 11
3763441
Convert -375a56 (base 14) to base 9.
-3512674
What is -d717 (base 15) in base 16?
-b1a0
-13351c (base 14) to base 7
-5425635
-343410 (base 6) to base 7
-151311
Convert 8f6a4 (base 16) to base 2.
10001111011010100100
What is -11100102100 (base 3) in base 7?
-504363
What is -20111002000 (base 3) in base 5?
-13041004
-123531 (base 10) to base 16
-1e28b
What is -88642 (base 9) in base 7?
-333362
-1176327 (base 8) to base 6
-11001143
What is -2643174 (base 8) in base 15?
-e8e2a
103131 (base 12) to base 3
110220200201
What is 11001010101000101000 (base 2) in base 9?
1504473
What is 40116 (base 8) in base 2?
100000001001110
What is 12233220330 (base 4) in base 9?
3284210
Convert -1931370 (base 10) to base 3.
-10122010100020
827a4 (base 11) to base 3
20010122021
What is -4060600 (base 7) in base 8?
-1663660
What is 67727 (base 13) in base 11?
119244
Convert 120010464 (base 7) to base 13.
16c7ac6
What is 1000010011101101 (base 2) in base 11?
23626
-14130011 (base 5) to base 16
-238df
116275 (base 8) to base 6
505433
-222010021 (base 4) to base 5
-21003142
What is -23202101112 (base 4) in base 8?
-13422126
What is 540024243 (base 6) in base 9?
18821780
-1b9659 (base 13) to base 8
-2543425
Convert -10131022323 (base 4) to base 10.
-1168059
Convert 32212233 (base 4) to base 13.
212ca
What is -363 (base 14) in base 10?
-675
-200111200 (base 5) to base 6
-24455023
What is 29775 (base 13) in base 6?
1401530
Convert 76161 (base 9) to base 13.
19c5a
What is 300629 (base 10) in base 8?
1113125
Convert -283134 (base 11) to base 2.
-1101100001111110101
100011110111101000 (base 2) to base 13
51b47
Convert -26632 (base 13) to base 4.
-101122333
Convert 1607ab (base 14) to base 11.
486438
What is 245562 (base 9) in base 12?
71aa8
148561 (base 9) to base 10
91585
What is 30384 (base 16) in base 13?
6bb8c
Convert -544202 (base 12) to base 6.
-44333202
15005261 (base 7) to base 9
2584135
What is 1271cb (base 14) in base 4?
2122311333
Convert -cde5 (base 16) to base 3.
-2200022012
-2153510 (base 6) to base 12
-52896
What is 22212001202222 (base 3) in base 6?
244504512
Convert 1a012b (base 13) to base 4.
2200123111
-4022041 (base 5) to base 9
-106734
What is -71240 (base 8) in base 12?
-14b94
Convert d5a32 (base 14) to base 11.
322032
What is 5040301 (base 7) in base 9?
1111261
121002112 (base 4) to base 16
19096
Convert 7086995 (base 11) to base 6.
1124300242
What is -1a473b (base 15) in base 9?
-2361772
-11357 (base 13) to base 5
-2000322
Convert -738073 (base 9) to base 12.
-192010
1000100000011101110 (base 2) to base 7
2240505
10011000000010111000010 (base 2) to base 6
254441442
Convert 601506 (base 11) to base 7.
11141611
-434020103 (base 5) to base 7
-21546434
What is 2210020010 (base 3) in base 6?
1101520
Convert 3812520 (base 9) to base 14.
3c0377
